9 + 1014. Suppose -4*h + 285 = -5*k, -2*h + 0*h + 5*k + 135 = 0. Calculate the greatest common factor of h and q.
15
Let w(x) = x**2 - 24*x + 104. Let m be w(5). Suppose -p = -50 + 5. Calculate the highest common factor of m and p.
9
Suppose -6300 = 298*z - 326*z. What is the greatest common divisor of z and 165?
15
Let b be 4 - (11 + -6 + -25). Calculate the greatest common divisor of b and 168.
24
Suppose -3*q = y - 300, 163 = 2*q + 3*y - 44. What is the greatest common factor of 44 and q?
11
Let y(v) be the second derivative of 2*v**3/3 - 3*v**2/2 + 3*v + 6. Let c be y(5). What is the greatest common divisor of 153 and c?
17
Let c = -839 - -1175. Suppose 7*r - r - c = 0. Calculate the greatest common divisor of 84 and r.
28
Suppose 5*s - 5*g - 205 = 0, -3*s + 103 = -4*g + 6*g. What is the highest common divisor of s and 148?
37
Let j = 59 - 52. Let u be (-2)/6 + (-7124)/(-78). What is the highest common factor of j and u?
7
Suppose 3*i - 128 = 2*d + 120, -312 = -4*i - 2*d. Let t = i - 36. Suppose -4*q + 8 = -2*q. Calculate the highest common factor of q and t.
4
Suppose -4*b - 12 - 4 = 0, -4*i + 4*b = 36. Let m = i + 22. What is the greatest common divisor of 9 and m?
9
Let n = 80 + -73. Suppose 5*k + q = n*k - 24, -5*k - 3*q = -38. Calculate the greatest common factor of 70 and k.
10
Let l = -668 + 756. Calculate the greatest common divisor of 8 and l.
8
Let u(b) = b**3 + 2*b**2 - 15*b + 26. Let o be u(5). Let k = 21 - 7. What is the highest common factor of k and o?
14
Let m(p) = -p**3 + 8*p**2 + 9*p + 2. Let f = -19 + 28. Let x be m(f). Suppose -184 = x*n - 3*n. Calculate the greatest common factor of n and 23.
23
Suppose 12*m - 10*m - 48 = 0. Suppose -19 = -3*j - 7. Suppose -h = h + j*p - 4, -h + 5 = p. Calculate the highest common divisor of h and m.
8
Suppose -12 = -3*g, -11*x + 10*x = g - 147. What is the highest common divisor of 22 and x?
11
Let h be (-724)/(-30) - (-8)/(-60). What is the greatest common divisor of 56 and h?
8
Let x = 612 + 636. Calculate the highest common factor of 36 and x.
12
Let d(b) = b**2 + 3*b - 7. Let j be d(-6). Let o(i) = i**3 - 11*i**2 + i + 10. Let p be o(j). Calculate the highest common divisor of p and 14.
7
Let m(k) = -6*k + 6. Let y(g) = g - 1. Let x(i) = 2*m(i) + 10*y(i). Let v be x(-6). Calculate the greatest common factor of 154 and v.
14
Let i(y) = y**2 + y - 10. Let m(k) = -k**2 + 3*k + 6. Let l be m(5). Let f be i(l). Calculate the highest common factor of f and 5.
1
Suppose -j - 1 = 0, 3*m = 11*j - 12*j + 215. Calculate the greatest common factor of m and 120.
24
Let c(b) = b**3 + 5*b**2 - 5*b + 4. Let f be c(-6). Let s be (-3 + (1 - f))*1. Let k be (114 + -2)/1 - s. Calculate the highest common factor of 14 and k.
14
Let q be 3 - (2 - (5 - (0 - -4))). Suppose -c - q*a + 4*a + 403 = 0, 2*c = -5*a + 815. Calculate the greatest common factor of c and 45.
45
Suppose 11 = -5*k + 4*a + 150, -4*a = k - 23. Suppose -3*m + g = -11, 4*m + 14*g - 9*g - 2 = 0. Calculate the greatest common divisor of k and m.
3
Suppose 143*w + 220 = 148*w. What is the greatest common divisor of 12 and w?
4
Let k = -56 + 146. Let r be (-298)/10 + (-9)/45. Let h be ((-2)/3)/(2/r). What is the highest common divisor of k and h?
10
Let p be ((-33)/(-6))/(2 - (-76)/(-40)). Let j = 23 - 1. Calculate the greatest common factor of p and j.
11
Let o = 168 + -153. What is the greatest common factor of 3 and o?
3
Let w = 141 + -101. Let d(y) = 2*y**2 + 6*y - 75. Let o be d(-8). What is the greatest common divisor of w and o?
5
Let d(x) = x**2 + x + 135. Let t be d(0). Let h(s) = -2*s**2 - 70*s + 15. Let i be h(0). Calculate the highest common factor of t and i.
15
Let t = 1 - 1. Let d(w) = t - 2 - 8 + w + 4*w. Let s be d(6). What is the greatest common divisor of 10 and s?
10
Let o = 25 + -23. Suppose -3*q - 3*h = -o*h - 8, 0 = 4*q + h - 11. Let s be (q - 12/3)*-63. Calculate the greatest common factor of s and 7.
7
Suppose 3*m - 64 = -5*v + 2*m, -44 = -3*v - 2*m. Suppose 0 = -l + 1, -4*l + 24 = 3*w + 2. What is the greatest common factor of v and w?
6
Let v = 1887 - 1548. What is the greatest common factor of 3 and v?
3
Suppose -2*d - 10 = -5*r, -4 = -2*d + 2*r - 8. Suppose d*a - 8*a + 24 = 0. Calculate the greatest common divisor of 33 and a.
3
Let o = -15 - 1. Let a = 32 + o. Let x = a - 8. Calculate the highest common divisor of x and 8.
8
Suppose -4*j + 5*i + 6 = 0, -2*i - 11 = j + 3*i. Let h be (127 + -7)/(j + 2). Calculate the greatest common factor of 48 and h.
24
Let b(r) = -23*r**2 + r + 2. Let p be b(-2). Let d = p - -254. Calculate the greatest common factor of d and 18.
18
Let u be ((1 - -9)/5)/((-1)/(-10)). Calculate the highest common factor of u and 25.
5
Let a(r) = -r**2 + 7*r + 10. Let k be a(7). Let j = k + 4. Calculate the greatest common factor of 112 and j.
14
Suppose 0 = 25*z - 26*z + 50. What is the highest common factor of 400 and z?
50
Let c(v) = v**3 + 6*v**2 + v + 6. Let w be c(-6). Let b(p) = -p**3 - p**2 + 2*p + 152. Let j be b(w). Calculate the highest common divisor of j and 19.
19
Suppose 4*t - 217 = -3*a, -4*a - 55 = -4*t + 197. Suppose 0 = -i - 2*q + 18, -i = 3*i + q - t. Calculate the greatest common divisor of i and 35.
7
Let u(f) = -f**3 + 11*f**2 + 11*f + 22. Let x be u(12). Let h = 25 - x. Calculate the highest common factor of h and 5.
5
Let n = 8 - -20. Suppose 0 = -2*y + 4*y - n. Calculate the highest common divisor of 14 and y.
14
Let z = -4 + 5. Let d be (z + -8)/((-3)/6). What is the highest common factor of 35 and d?
7
Let j = -61 + 139. Let s = -40 + j. Suppose 2*h - 475 = -3*h. Calculate the highest common divisor of s and h.
19
Let k(s) = -8*s**2 - 131*s - 27. Let q be k(-16). Let m be 28*(-1 - -7)*1. Calculate the greatest common factor of q and m.
21
Let i be -1*4/(-2) + 4. Suppose -i*n + 0 = -162. What is the highest common divisor of n and 162?
27
Let k = -18 - -22. Let m(b) = b**3 - 5*b**2 + 6*b - 6. Let p be m(k). Suppose -7*v + 85 = -p*v. What is the highest common factor of v and 17?
17
Let f = 161 - 113. Calculate the greatest common divisor of 36 and f.
12
Let j(w) = w**2 - 43. Let u be j(8). Calculate the greatest common factor of 21 and u.
21
Let y(v) = -2*v**3 + 6*v**2 - 2*v + 5. Let k be y(4). Let b be (51 - -1) + (-22)/(-33)*-3. Let n = k + b. What is the greatest common factor of 30 and n?
15
Let c be ((-622)/4)/((-3)/6). Suppose -c + 26 = -5*n. Let w(j) = -4*j**3 + 40*j**2 + j + 9. Let f be w(10). What is the highest common factor of f and n?
19
Suppose 3*l = 2*l + k + 3, 5*k + 10 = 0. Let a be (-6)/(-14) - l/((-14)/22). What is the highest common factor of 6 and a?
2
Let k(p) = -p**2 - 51*p - 258. Let a be k(-42). Calculate the highest common divisor of 120 and a.
120
Let c = -394 + 422. Calculate the greatest common factor of 1876 and c.
28
Let t(l) = -3*l - 2. Let r be t(-3). Let d be (-86)/(-4) + r/(-14). What is the greatest common divisor of 7 and d?
7
Let h(t) = -t**3 - 5*t**2 + 81*t + 42. Let l be h(-12). Suppose 2*d = -d + 39. What is the greatest common divisor of l and d?
13
Let x be 0 + -2 - 1 - (-465)/5. What is the greatest common divisor of 30 and x?
30
Let m(o) = -20 + 0*o**3 + 34*o**2 - 26*o**2 + o**3 + 4*o. Let j be m(-6). Calculate the greatest common factor of 4 and j.
4
Let d = -34 + 56. Calculate the greatest common divisor of d and 1100.
22
Let t be (-6)/(-5) + 118233/435. Calculate the highest common factor of 26 and t.
13
Let u = 129 + 21. Suppose -u = 2*m - 4*m. What is the greatest common factor of m and 25?
25
Let a(x) = 4. Let y(b) = -b - 1. Let k(z) = a(z) + 4*y(z). Let r be k(-3). Calculate the greatest common divisor of 8 and r.
4
Suppose -50*x = -33097 - 45003. Calculate the greatest common factor of 22 and x.
22
Let l be 0/((4/2)/(-1 - 1)). Let m be (-6)/21 + l + (-114)/(-7). Calculate the highest common divisor of m and 16.
16
Let g(x) = -4*x**3 - 4*x - 12. Let u be g(-9). Calculate the highest common factor of 15 and u.
15
Let y be (11 - 24)*(-1 - 0). Let u = -34 + 36. Let h be 2/(-6)*u*-39. Calculate the highest common factor of y and h.
13
Let i be (-319)/(-4) + (-1)/(-4). Suppose 0 = -3840*t + 3805*t + 1120. What is the greatest common factor of i and t?
16
Let x(l) = -2*l**2 - 30*l + 15. Let t be x(-13). What is the gre